15 = -40*m + 385. Calculate the remainder when 76 - (1 + -3)/2 is divided by m.
17
What is the remainder when 242 is divided by -8 - 784/(-1 - 7)?
62
Suppose 0 = -3*g + k + 21, -2*k + 29 - 7 = 2*g. What is the remainder when 37 is divided by g?
5
Suppose -2 = -5*l + 18. Suppose -i = 4*x - 22, 4*x - 2*i + i = 26. Suppose 3*w = -s + x, 0 = s + w + w - 9. What is the remainder when s is divided by l?
3
Let z(r) = 35*r + 19. What is the remainder when 53 is divided by z(0)?
15
Suppose -16 = -3*p + h, -h + 5 = p - 3. Suppose p*y = y. Suppose y = 3*a - 2*a - 51. What is the remainder when a is divided by 18?
15
Let h(k) = -k**2 - 7*k - 9. Let n be h(-4). Suppose -n*x - 5*g + 21 = 0, -5*x + 63 = -0*g - g. Calculate the remainder when x is divided by 4.
0
Let g(i) = 2*i**3 + 13*i**2 - 4*i - 7. What is the remainder when g(-6) is divided by 9?
8
Suppose -4 - 2 = 3*v + 3*x, 0 = -5*v + 3*x + 22. What is the remainder when v is divided by (-4)/(-7) + (-45)/(-105)?
0
Suppose -2*c - 16 = 34. Let p = -13 - c. Suppose 7*q - p*q + 50 = 0. Calculate the remainder when q is divided by 6.
4
Let h(o) = -o**2 - 15*o - 10. Let x be h(-11). Let m = 44 + -37. What is the remainder when x/(-4)*2*-2 is divided by m?
6
Suppose -3*n + 93 = a, 62 = -0*n + 2*n + 4*a. Let p = 3920 + -3767. What is the remainder when p is divided by n?
29
What is the remainder when 102 is divided by (2 + -47 + 0)/(2 - 3)?
12
Suppose -5*z + 26 = 3*y, 2*y + 10 - 25 = -3*z. Suppose -108 = -3*n - 3*u, u - 183 = -5*n - 3*u. Calculate the remainder when n is divided by z.
4
Suppose 0 = 36*a - 40*a + 56. Calculate the remainder when 188 is divided by a.
6
Suppose -27 = -2*w + 3. What is the remainder when (0 - 19*-3)*1 is divided by w?
12
Let d(j) = 160*j**3 + 3*j - 2. Let w be d(1). Suppose w = 3*m - 271. Suppose -6*o + 36 = -m. What is the remainder when 58 is divided by o?
28
Let u(p) = -5*p**3 - 45*p**2 - 5*p - 30. Let g(l) = l**3 + 9*l**2 + l + 6. Let v(y) = -11*g(y) - 2*u(y). Calculate the remainder when 45 is divided by v(-9).
0
Suppose j + 20 = 5*j. Let a be 3/21 + j/(-35). Suppose a = -4*t + 6*t - 70. What is the remainder when t is divided by 12?
11
Let b(j) = 4*j + 22. Let q(k) = 6*k + 33. Let i(v) = -8*b(v) + 5*q(v). Calculate the remainder when 557/5 + (-9)/(-15) is divided by i(-17).
20
Suppose 3*q - q - 4*n = -2, -15 = 4*q + 3*n. Let h(d) = -2*d + 9. Calculate the remainder when 29 is divided by h(q).
14
What is the remainder when (6*65/39)/(4/122) is divided by 34?
33
Let b(o) = -3*o - 16. Let n be b(-7). Suppose -2*p = n*a - 2*a - 93, 0 = -5*a + 25. What is the remainder when p is divided by 7?
4
Suppose 4*p - 6*p = -2, 3*p + 14 = l. Suppose 3*x + 0*x - 218 = 4*n, 2*n = -x + 76. Let g = x + -7. Calculate the remainder when g is divided by l.
16
Suppose 0 = v - 2*x - 109, -v - 4*x = x - 74. What is the remainder when v is divided by 47?
5
Suppose 0 = 2*s + n - 19, s - 3 = 2*n - 1. Let f(z) = -2*z**3 - 2*z**3 + 0*z**3 - 5*z**2 - 2 + 3*z**3 - 6*z. Calculate the remainder when s is divided by f(-4).
2
Suppose 5*t = 2*d - 13, 2*d - 5*t = -d + 17. Suppose 2*y - 4 = d*z - 0, 34 = -3*y - 4*z. Calculate the remainder when 51 is divided by y/(-4) + 30/4.
6
Suppose -4*g + 20 = -0*f + 2*f, -3*g = -4*f - 4. Suppose -v - 4 = 5*s - 18, -g*v + 56 = -s. What is the remainder when v is divided by 6?
2
Suppose -276 + 1194 = 17*j. What is the remainder when 323 is divided by j?
53
Suppose -43 = 7*l + 76. Let p = l - -19. Calculate the remainder when 26 is divided by p.
0
Calculate the remainder when (-15 - -10 - -450) + 12 is divided by 15.
7
Suppose -44 = 3*y - 74. Suppose -y*r = -5*r - 60. Calculate the remainder when 20 is divided by r.
8
Let i(g) = 5*g**3 - g**2 + 2*g - 2. Calculate the remainder when 50 is divided by i(1).
2
Let x(o) = 2*o**2 + 39*o + 123. Calculate the remainder when x(-3) is divided by 22.
2
Let j be 2/5 + (-383)/(-5). Suppose -s + 4*s - 4*r - j = 0, 71 = 3*s - r. Calculate the remainder when 44 is divided by s.
21
Let k = 46 - -37. Suppose 4*f - 189 = k. Suppose -15*x = -14*x - 14. What is the remainder when f is divided by x?
12
Suppose 87 = -4*m - 9. What is the remainder when (-2)/(-4) - 1356/m is divided by 12?
9
Let b(r) = r + 24. Let v = -8 - -42. Calculate the remainder when v is divided by b(-12).
10
Let a = 17 - 10. Let m = a - 3. Let b(o) = o**3 - 6*o**2 + 5*o - 17. What is the remainder when b(6) is divided by m?
1
Suppose -3*f = -3*c - 114, -2*f + c + 70 = -3. Let t be 8/36 + 1249/9. Suppose 2*l = t - f. Calculate the remainder when l is divided by 18.
16
Suppose 0 = f - 2*f. Suppose f = n + 2*n - 39. Calculate the remainder when n is divided by 8.
5
Let t(f) = 14*f**2 + 17*f - 41. Let n(m) = -5*m**2 - 6*m + 14. Let o(i) = 8*n(i) + 3*t(i). What is the remainder when o(4) is divided by 4?
1
Let y(t) = 11*t**3 - 2*t**2 + 2*t + 1. Suppose 3*p - 5*p - 3*j = -92, 2*p = -4*j + 94. Calculate the remainder when y(2) is divided by p.
42
Let h = 146 - 128. Suppose 4*z = 4, -2*c - z - z + 136 = 0. What is the remainder when (1 - 0)*3 + c is divided by h?
16
Let j(k) be the second derivative of -k**4/12 + 5*k**3/6 + 4*k**2 - 3*k. Let y be j(6). Suppose 14 + y = 2*l. What is the remainder when 14 is divided by l?
6
Let t be (6 - 4) + 2 + 19. Suppose -2*n - 7 = -t. What is the remainder when 11 is divided by n?
3
Let c be (2 + -2)/2 + 2. Suppose -5 = c*j + 3. What is the remainder when 34 is divided by -9*(-4)/(-8)*j?
16
Let d(z) = -z**3 - 3*z**2 - z - 4. Let y(x) = -x**3 + 4*x**2 - 3*x + 8. Let m be y(4). What is the remainder when (-2)/9 - (-562)/18 is divided by d(m)?
15
Let o = 273 - 246. What is the remainder when 213 is divided by o?
24
Suppose 4*o - 8*o + 100 = 0. Suppose 0 = 5*g + o, 2*g = -3*i - 3*g + 92. What is the remainder when i is divided by (-4)/8 - (4 - (-147)/(-6))?
19
Let w(d) = d**3 + 5*d**2 + d - 1. Let x be w(-6). Let p = 75 + x. What is the remainder when (-746)/(-6) - 6/(-9) is divided by p?
29
Calculate the remainder when 52 - (9 - 2)*(-4)/4 is divided by 18.
5
Let p be 0/(4/(4 - 2)). Suppose 0*b - b = p. Suppose b*j + 6 = 2*j. What is the remainder when 7 is divided by j?
1
Let n = 56 + -21. Suppose 5*q - 4 = -3*z + 7, -5*z = -5*q + n. Suppose q*p - 48 = -0*p. What is the remainder when 22 is divided by p?
10
Suppose -4*t = t - 5*q + 5, -4*q + 7 = -3*t. Calculate the remainder when 40 + 1 + -3 - t is divided by 19.
16
Let g(m) = m**2 - 6*m + 18. Calculate the remainder when 85 is divided by g(0).
13
Suppose 5 = 3*q + 2*q. Calculate the remainder when -38*(0/3 - q) is divided by 13.
12
Let t(y) = 3*y - 28*y + 17 - 6*y**2 + 5*y**2. What is the remainder when t(-8) is divided by 26?
23
Let z = 299 + -43. What is the remainder when z is divided by 37?
34
Suppose 183*q - 181*q - 3*v - 13 = 0, -26 = -q - 5*v. Calculate the remainder when 14*(6/4 - 0) is divided by q.
10
Let b = -17 + 21. Suppose 2*x - 35 = -3*v, 4*v - 5*v = 5*x - 55. What is the remainder when 414/15 - b/(-10) is divided by x?
8
Let n(z) = 35*z - 5. Let c be n(2). Suppose -64*s - 18 = -c*s. Calculate the remainder when s is divided by 14.
4
Let q(w) = -6*w - 3. Suppose 0 = 4*i - 5*u - 317, -14*i + 81 = -13*i - 3*u. Calculate the remainder when i is divided by q(-5).
24
Suppose 35*y - 196 - 1239 = 0. Calculate the remainder when 324 is divided by y.
37
Suppose 16 = -2*l + 5*b, 0*l - 18 = l - 5*b. Suppose 3*q - o - 18 = 14, l*o = -4*q + 36. What is the remainder when 35 is divided by q?
5
Let l(n) = 27*n - 34. What is the remainder when 54 is divided by l(2)?
14
Suppose 5*c + 20 = 4*w, -5*w + 2*w = 0. Let z(s) = -s**3 - s**2 + 6*s + 8. Calculate the remainder when z(c) is divided by 11.
10
What is the remainder when 150 is divided by 99/(-12)*(-8)/6?
7
Suppose 2*p - 19 + 115 = 0. Let q = p + 64. What is the remainder when 158 is divided by q?
14
What is the remainder when 110 is divided by ((-168)/32)/(9/(-48))?
26
Suppose -2*m + 78 = -8*m. Let n = 18 + m. Suppose 2*l - 3 - n = 0. What is the remainder when 14 is divided by l?
2
Let u(r) = -5 - 5*r - 12 - r + 3*r + r**2. Calculate the remainder when u(8) is divided by 8.
7
Let b = 3 + -1. Suppose 5*w - 11 = -2*q, -2*q + 23 = 3*w - b*w. Let k(a) = -a**3 + a**2 + 4*a + 1. Calculate the remainder when k(-3) is divided by q.
12
Suppose -17*x + 